 Suppose 2*t - 11 = h, 3*t + 2*t = -2*h + g. Suppose -f + 261 = t. Is f a composite number?
False
Let a = -8571 - -4787. Let z = a + 5635. Is z a prime number?
False
Let f = 2565 + -4296. Let n = 2888 + f. Is n a composite number?
True
Let i = 10 - 4. Let t = -4 + i. Suppose 0 = 5*f - t*f - 1434. Is f a prime number?
False
Let g = 6103 + 1116. Is g composite?
False
Suppose 25*z + 758 = 26*z. Suppose -v + z = v. Is v composite?
False
Let b(i) be the third derivative of i**5/20 + i**4/4 - i**3/6 + 17*i**2. Let q = -11 + 17. Is b(q) composite?
True
Let m be -70*(-3)/(-15)*-356. Suppose -830 = -2*k - 4*g + 1158, -m = -5*k + 4*g. Suppose k = u + 3*u. Is u a prime number?
False
Suppose -2*s + 0*s = -20. Let q(m) = m**3 - 9*m**2 - 11*m - 5. Let o be q(s). Is 6/o - (-1614)/10 a composite number?
True
Suppose -2*i + 7 = -n, 5*i + 2*n = 7 + 15. Suppose -z + 3*c + 106 = 0, z - i*c = 6*z - 454. Is z prime?
False
Let o(n) = 41*n**2 + 31*n + 27. Is o(14) a prime number?
False
Let p = -27289 - -38944. Suppose 5*q + 3*u - 8*u = p, -u = -5*q + 11663. Is q composite?
False
Let x = 3708 + -733. Suppose -3*v - 2*w = -x, -2*v + 5*w + 3982 = 2*v. Is v composite?
True
Let j = 23 - 20. Suppose -2*o = -p + o + 188, 5*p = -o + 924. Suppose 3*u + 83 = -2*c + 282, j*u = 5*c + p. Is u a prime number?
False
Suppose -44739 = -5*h + x, -2*h + 13*x - 12*x = -17898. Is h a composite number?
True
Suppose 2*j - 2*u - 504 = 0, 2*j + 2*u - 524 = -u. Suppose -3*v + 766 = 5*i, v + 3*i - 2*i = j. Is v composite?
False
Let p(z) be the second derivative of -z**3/6 - 7*z**2 - 6*z. Let y be p(-8). Let t(d) = d**2 + d + 5. Is t(y) a prime number?
False
Let n be ((-1)/4)/((-3)/(-12)). Let j(o) = -259*o**3 - o**2 + 1. Is j(n) a composite number?
True
Let l = -7301 - -13494. Is l a composite number?
True
Suppose -44017 = -5*o + 2*x, 8804 = 5*o - 4*o - x. Is o a prime number?
True
Let y = 16 - 13. Suppose -4*h + y*h + 5 = 0. Suppose h*o = 4*d - 659, 5*d - 4*o = o + 825. Is d composite?
True
Let d(z) = 1. Let t(r) = 51*r + 3. Let b(j) = -d(j) + t(j). Is b(11) a prime number?
True
Let t(j) = j**2 - j + 36. Let y be t(0). Suppose -i + 257 + y = 0. Is i a composite number?
False
Let s(x) = -x**2 - 4*x + 4. Suppose -5*y = 9 + 11. Let i be s(y). Is i/(-3)*3 - -423 a prime number?
True
Let v = -51 + 76. Let x = v - 13. Suppose 2*s - x = 218. Is s a composite number?
True
Let x = 5 + 5. Suppose 5*v - 2 = -k, -2*v = k - 5*v - x. Is (k/(-2))/((-2)/332) a composite number?
True
Is (88697/(-28))/((-5)/20) a composite number?
False
Let j(h) be the second derivative of 0 + 5/6*h**3 + 9/2*h**2 + 1/6*h**4 - h. Is j(-14) composite?
False
Let v be (-14)/(-4) - (-7)/14. Suppose 0 = v*a + 16, 3*n + 3*a = -2433 + 8088. Is n a composite number?
False
Is (-49 + 53)*(1 + (-24774)/(-8)) a prime number?
True
Suppose 4932 = 3*y + 3*r, -2*y + r - 552 + 3840 = 0. Let p = 77 + -73. Suppose -4*x = -p*n - x + 1640, 4*n = 2*x + y. Is n a prime number?
False
Let d be (-2)/(-10) - (-54)/30. Let c be (-1)/d - 21/(-14). Is (-109)/(-1) + (-2 - c) a composite number?
True
Suppose -92*b + 32*b = -1718520. Is b a composite number?
True
Let w = 5864 + 7745. Let k = w + -7830. Is k composite?
False
Let o = 26370 + -16926. Suppose 14*l - o = 2*l. Is l a composite number?
False
Suppose -2*s - 10 + 2 = 0. Let i(q) = 13*q**2 - 23 - 3*q**3 + 14 + 2*q - 16*q**2. Is i(s) a composite number?
False
Let i(d) = 525*d**2 - d + 17. Is i(-5) a composite number?
False
Let x = 199 - -86. Suppose 2*w = x + 37. Is w a composite number?
True
Let x(v) = 652*v**2 + 25*v - 179. Is x(8) prime?
False
Suppose 3*m - 22202 - 27822 = 5*s, -3*m - 6*s = -50013. Is m prime?
True
Suppose 0 = 6*z - 2743 - 323. Is z prime?
False
Let n(k) = k**2 + 13*k + 4. Let z be n(-13). Let h(i) = 7*i**2 - 5 - i**2 - 4*i + i**2. Is h(z) prime?
False
Let z(h) = -h**3 - 5*h**2 - 2*h - 6. Let r be z(-5). Suppose -r*d - 2*t = -4624, -5*t = 4*d - 9*d + 5765. Suppose -3*x + 750 = -d. Is x prime?
False
Let q = 1701 + 2852. Is q prime?
False
Suppose -12*b + 13*b - 5*d - 5041 = 0, -2*b + 5*d + 10062 = 0. Is b prime?
True
Suppose 48*q = 44*q - 16, 7166 = 2*n + 3*q. Is n composite?
True
Let v = 14 - 14. Suppose v = q + q - 2456. Is (2/4)/(2/q) a prime number?
True
Is (5020/50)/(6/15) a composite number?
False
Let v(j) = -15*j**2 + 7*j - 13. Let g(n) = 7*n**2 - 4*n + 6. Let l(w) = 5*g(w) + 2*v(w). Suppose 2*x - 7*b + 18 = -3*b, -3*x - 17 = -b. Is l(x) composite?
True
Let f be -5 + 4 + 5 - 4. Let k = f + 3. Suppose c = -k*c + 228. Is c a composite number?
True
Let g(q) = 8*q**2 - 3*q + 33. Let s = 73 - 65. Is g(s) composite?
False
Suppose -i + 4*i - 12 = 0. Suppose 37 = z - m, 3*z + i*m - 12 = 2*z. Suppose -4*l + z = -104. Is l a composite number?
True
Let o be (18 - 15)/(3/(-4)). Let c = o + 0. Is c/(-1)*(-3516)/(-48) a prime number?
True
Suppose 35*r = 325050 + 391645. Is r a prime number?
True
Let t(x) = 3482*x**2 - 43*x - 238. Is t(-5) a prime number?
False
Suppose 0 = -5*b - x + 322, -4*b + 0*x = 2*x - 254. Is 1043 - ((-8)/10 - (-52)/b) composite?
True
Suppose 0*f - 10 = -5*f. Suppose -759 = f*y - 5*y. Is y composite?
True
Let v(z) = -3*z + 18. Let g be v(-12). Suppose -2*b + g + 49 = -u, -165 = -3*b - 2*u. Is b composite?
False
Let u(r) = 1105*r + 272. Is u(3) a composite number?
True
Let z(t) = -78*t + 83. Is z(-13) a composite number?
False
Suppose -14551 = -2*x - 3*b - 1211, 26684 = 4*x + 4*b. Is x a composite number?
False
Suppose -74*y + 22237 = -73*y. Is y prime?
False
Let z be 0 + (-3)/((-6)/4). Suppose 2*i = -z*i - 2128. Let v = 755 + i. Is v a prime number?
True
Let t(x) = -3*x**3 - 12*x**2 + 7*x + 3. Let r(v) = -8*v**3 - 25*v**2 + 15*v + 5. Let y(p) = 2*r(p) - 5*t(p). Suppose 4*a - 8 = 24. Is y(a) prime?
True
Let c = 2 + -6. Let g be 2 + (4 - -69) + c. Let q = g + 3. Is q prime?
False
Let o(v) = 32*v + 830. Let a be o(-26). Let s(b) = -107*b - 9. Let t(h) = 108*h + 8. Let i(u) = -5*s(u) - 6*t(u). Is i(a) a composite number?
False
Suppose -2*o + 2 = -2*w, -o - w = -0*w - 9. Let i(f) be the third derivative of 17*f**4/8 - f**3/3 + f**2. Is i(o) composite?
True
Let g = 2140 - 301. Suppose -g = -5*c - y, y = -2*c - y + 742. Is c composite?
False
Suppose 0 = r - 2*y - 6609, 5*r - 33069 = -3*y + y. Is r composite?
True
Suppose 0 = 4*p - 3*u - 1, -u - 2 = -p - 2*u. Let r(d) = -d + 1. Let y be r(p). Suppose y = 5*w + 2*v - 157, 6 = -w - 2*v + 39. Is w prime?
True
Let l = 27870 - -7037. Is l composite?
True
Suppose 5*t + g = 16256, 3*g - 3254 = 33*t - 34*t. Is t composite?
False
Suppose 4*b - 5649 = 3*n - 1058, -5*b - n + 5734 = 0. Is b a prime number?
False
Suppose -28*l - 49578 = -34*l. Is l a prime number?
True
Let p = -48298 + 68951. Is p composite?
True
Let t(z) = 258*z**2 - 2*z + 6. Let s be t(4). Suppose -2*o + s = -180. Is o a composite number?
False
Let w = -2619 + 17402. Is w a composite number?
False
Suppose -s - 5 = -2. Let v = s + 2. Is (-114)/(-9)*(2 - v) a composite number?
True
Let f = -1662 - -21923. Is f a composite number?
False
Suppose 1076 = 2*b + 3*f, -2*b - 4*f - 2713 = -7*b. Is b a prime number?
True
Let w(n) = n**3 + 9*n**2 - 13*n + 4. Let b(x) = -x - 19. Let c be b(-9). Let f be c - 1*0/(-2). Is w(f) a prime number?
False
Let j be (-32)/18 + (-4)/18. Let c be (j - -13)/(4/28). Suppose -b - c = -2*b. Is b composite?
True
Let x = 28 + 9. Let t be (-4)/14 - (108/63 - -12). Let n = t + x. Is n a prime number?
True
Suppose -66540 = -28*f + 915392. Is f a prime number?
True
Let n(d) = -d**2 + 13*d - 16. Let p be n(11). Is ((-4)/p)/(16/(-10056)) a composite number?
False
Suppose 84273 - 8333 = 20*z. Is z a composite number?
False
Suppose -32 = -2*i - 22. Suppose 7*l - 10*l - 5*m = -763, 10 = i*m. Is l composite?
False
Suppose 14*p - 70 = 9*p. Suppose -2*n = 5*o - p, 8 = -3*n - 1. Suppose -114 = -3*w + c - o*c, -w = -3*c - 18. Is w prime?
False
Suppose 4*h - 5*h + 44 = 0. Suppose 2*k + 6 = h. Is k a composite number?
False
Let w(q) be the third derivative of 19*q**6/60 - q**5/60 + q**4/24 + q**3/3 - q**2. Let b(h) be the first derivative of w(h). Is b(1) a composite number?
False
Let i be (-3)/(-1)*(-4)/(-3). Suppose 2*p + 4*v - 8 - 16 = 0, i*v + 6 = 3*p. Is (-255)/p*12/(-15) composite?
True
Let u be (-9)/(-12) + 342/24. Is (4475/u - -5) + (-1)/3 a prime number?
Fa